Is v composite?
True
Let l = -24732 - -42879. Suppose 5*k - l = -q, -q + 5*q = -3*k + 10895. Is k prime?
False
Let x(s) = 58*s**3 - 17*s**2 + 7*s + 33. Is x(8) composite?
False
Let l = 623 + -616. Is ((-8)/8 - -11371) + l a composite number?
True
Let l = 67395 + -23254. Is l a prime number?
False
Let y(u) = -58 + 281*u - 72 - 1024*u + 10. Is y(-19) a composite number?
False
Let x be 97 + -10 + 4 + 2. Is (1 - 1) + -4 - (x - 288) prime?
True
Is 195020/15 + -13 + (-6)/(-9) prime?
False
Suppose -389 = -31*s + 26*s + 3*t, 0 = s - 3*t - 73. Suppose 0 = s*r - 81*r + 32362. Is r a prime number?
False
Let b = -25794 + 40697. Is b prime?
False
Suppose 5*k - 4*o + 9 - 28 = 0, -5*o + 20 = 0. Suppose 12620 = k*v - 3893. Is v a prime number?
False
Let v(s) = s**2 - 4*s + 1867. Let n(u) = 3*u**2 + 24*u + 16. Let t be n(-7). Let c be t/15*-6 - 2. Is v(c) a composite number?
False
Let u = -50 + 54. Suppose 15900 = u*g - 8936. Is g a prime number?
False
Is (9/6)/(1/(-580214))*(-60)/180 prime?
True
Let u(o) be the first derivative of -o**4/4 - 12*o**3 + 32*o**2 + 7*o - 54. Is u(-40) a composite number?
False
Let c = 63 + -177. Is (534/(-5))/(c/(-15) + -8) prime?
False
Let z = -36 - -39. Suppose 38071 = 4*r - 3*l, z*r - 6*r + 28556 = -5*l. Is r composite?
True
Let z = -1385 - -2208. Let h = z + 14683. Is h a prime number?
False
Suppose 4*j - 19 = -5*x, 0*j - 18 = -5*x - 3*j. Suppose -4774 = -x*c - 3*d - 244, c + 5*d - 1518 = 0. Let p = -1062 + c. Is p a prime number?
False
Suppose 388603 + 750980 = 101*v. Is v a prime number?
False
Is (-9)/6 + ((-1469622)/(-28) - 14) a prime number?
False
Suppose -6*k - 3 - 3 = 0. Let d be 2/((k - 0) + -1). Is (-9 + -1052)*(0 + d) composite?
False
Is 2/(-4)*((-8)/(-14))/(140/(-72295090)) a prime number?
True
Let n(j) = 441*j**2 + 2*j - 7. Let v be n(-3). Suppose 0*m + 2*m + 7908 = 2*q, q = 3*m + v. Is q a composite number?
True
Let p(s) be the second derivative of s**5/20 + 3*s**4/4 + 3*s**3/2 + 5*s**2/2 + 30*s. Let v be p(-8). Is (3 - (2 + -378))*(-3)/v a prime number?
True
Let t(z) = 152415*z**3 - 3*z**2 - 89*z + 91. Is t(1) prime?
False
Let m(c) = -231*c**3 - 19*c**2 - 136*c - 91. Is m(-6) a composite number?
False
Suppose -5*h - 5*w = -244300, 18*h = 15*h + 5*w + 146564. Suppose 16*r = 2390 + h. Is r prime?
True
Let m = 191 + -105. Let b = 11 - -22. Let x = m - b. Is x a prime number?
True
Suppose 3*v - v = 34. Suppose v*o = 5*o + 60. Suppose -3009 - 1166 = -o*h. Is h a prime number?
False
Let l = 883 + -876. Is (l - 1) + 349002/54 a composite number?
False
Let y be 9/6*(-572)/(-6). Let d = y - 428. Let k = -172 - d. Is k a prime number?
True
Let c(m) = -12 + 12*m - 21*m + 12*m. Let p be c(4). Suppose 0 = 4*t + 12, -5*t + p = 4*y + 3. Is y composite?
False
Let x(r) = 43*r**2 + 981*r**2 + 908*r**2 - 3 - 6*r + 4. Is x(-1) a prime number?
False
Suppose -119 = -2*q - t, 2*t = -4*q + 6*t + 232. Suppose q*o - 23*o - 555372 = 0. Is o a prime number?
True
Suppose -8*b - 4*z = -13*b - 8985628, -5*b + 6*z = 8985622. Is b/(-322) - (-1)/(-7) a composite number?
False
Suppose 136 = 20*n - 16*n - s, 136 = 4*n + 5*s. Suppose 0 = 30*y - n*y + 38108. Is y composite?
True
Let r(t) be the third derivative of t**4/8 - 6*t**3 + 18*t**2. Let b be r(20). Suppose 4*u = b + 292. Is u a composite number?
False
Suppose 48*b + 41*b - 2418397 = 0. Is b composite?
True
Let d(u) = -501*u**3 - 5*u**2 - 30*u - 15. Is d(-4) a composite number?
False
Let s be (749697/(-18))/(-13) + 1/6. Let k = s - 2073. Suppose 148 = -g + k. Is g prime?
True
Is 855410/6 + 7560/1620 a prime number?
True
Let n(c) = 1415*c + 297. Is n(8) a prime number?
True
Is (-8)/36 - ((-3)/7 - (-167723936)/(-1008)) composite?
False
Let i be (-2149 + -5)/((-6)/4). Let s = i - 406. Suppose -4*n + 894 = -s. Is n a composite number?
True
Suppose 29*p + 71578 = 42*p. Suppose -2*t + 4*i = -p, t - 2763 = -4*i + i. Is t prime?
False
Let s = 988 - 453. Let c = -331 + s. Suppose -k - 3*x = -185, k - c + 19 = x. Is k composite?
True
Suppose 2*p = -5*z + p - 605, 4*z = 4*p - 484. Is (-11)/z - 11900/(-22) composite?
False
Let n(o) = 1489*o**2 + 2*o. Let j be n(-3). Let g = -5678 + j. Is g a composite number?
False
Let f = 15 - 10. Suppose 7 = -2*s - f*x, 4*s - 4*x - 28 = -0*s. Suppose o = -s*i + 1949, -i + 2*i + 2*o - 489 = 0. Is i prime?
True
Is (73/(-146))/(3 - (-127447)/(-42482)) composite?
True
Suppose -2*i - 2*i + 80 = 0. Suppose 87*l + i = 91*l. Suppose l*t - 1800 = 805. Is t composite?
False
Suppose -28 = -7*c + 21. Is -4 + (42462/c - -3) a prime number?
False
Suppose -4*m - 2 - 5 = -3*a, 2*a - 10 = 0. Is (-5)/m*6/(-15)*278 a prime number?
False
Suppose 786902427 = 687*q - 1749109296. Is q a prime number?
False
Let w(i) = 3015*i**2 - 192*i - 187. Is w(-8) a composite number?
False
Let w(q) = 52*q**2 + 11*q - 11. Let p(d) = d**2 + d + 2. Let j(n) = -p(n) + w(n). Is j(6) prime?
False
Let x be 202114/(-12)*2 + 60/(-180). Is (2*x/10)/(72/(-180)) composite?
False
Let y = -22 + 25. Suppose 3*x - 24 = -y*x. Let n(r) = 94*r - 11. Is n(x) a composite number?
True
Suppose -5*v = -3*o + 76, -2*o + 0*v + 48 = -4*v. Let k = o - 37. Let w = k + 190. Is w a prime number?
False
Suppose 2*u + f = 821 + 305, -u + 4*f + 554 = 0. Suppose 4*t - 7 = 5*y + 6, -y = 3*t - 5. Suppose -u = -4*k + 3*n, 274 = 2*k - 3*n - t*n. Is k composite?
True
Suppose n - 2*f + 11 = 0, -42 = -0*n + 5*n + 3*f. Let y = 12 + n. Suppose 2*i - 2*c - 42 = y*c, 0 = -5*i + 5*c + 105. Is i composite?
True
Suppose 10 = -5*r, -5*g + 14 = -r - 3. Suppose 0*a - 6073 = -5*p + 3*a, g*p - a = 3647. Is p prime?
True
Let c be 19*(1 - 0) + -3. Suppose -630 = 2*z + 8*z. Let q = c - z. Is q a prime number?
True
Let o(m) = -36 + 2660*m + 3*m**2 + 7*m**2 - 2655*m - 4*m**2. Let a be (-20)/(-1)*1/2. Is o(a) a composite number?
True
Let w be 1813 - 0/((-20)/4). Suppose 4728 = 5*m + w. Is m a prime number?
False
Let q be 23107 + 2 + (-216)/(-27). Is (126/9)/(-56) - q/(-4) composite?
False
Suppose -13*g + g = -36. Let v be (-2)/(-4) + 2158/4. Suppose 4*s + g*x - 719 = 0, -x - 2*x + v = 3*s. Is s composite?
False
Let h = 42412 + -14893. Is h a prime number?
False
Suppose -31*s + 782717 = -18*s. Is s prime?
True
Suppose 4*l - 4*h = 88, 3*l - 603 = -4*h - 572. Let q be 26/(-3) - (-4)/6. Let m = q + l. Is m a composite number?
True
Suppose o - 304268 = 3*c, -3*o - c + 101048 = -811706. Is o a composite number?
False
Suppose 4*r + 50 = 3*t, 5*t + 3*r - r = 66. Suppose 2*z + 2 = 3*v + 6, -17 = -v - 3*z. Suppose -t - 60 = -v*q. Is q prime?
True
Let c = -145 + 145. Suppose c = 37*n - 3*n - 183022. Is n a composite number?
True
Suppose 0 = 2*v + 10, 5 = 5*q + v + 2*v. Is ((-1621520)/104)/(-10) + q/(-26) prime?
True
Let i(c) = c**3 + 11*c**2 - 39. Let k be i(-13). Let a = 1596 + k. Is a prime?
False
Is (-21)/(-70)*-5*-879938 composite?
True
Let g be (1 + 1)/((-4)/(-18)). Let h(i) = -11510 - 30*i + 166*i + 11533. Is h(g) a composite number?
True
Let z(w) = w**3 + 7*w**2 + 8*w + 14. Let o be z(-6). Suppose -5*q + 2046 = o*i, 2*q - i - 810 = i. Let p = 1885 - q. Is p a composite number?
True
Suppose 164*h - 154*h = 313330. Is h prime?
True
Let k(w) = 13*w + 30. Let c be k(-2). Suppose -4*a = 4*x - 13536, -a + c*x = -4653 + 1244. Is a composite?
False
Is 758830/18 + (-986)/4437 composite?
False
Suppose -225219 + 28031 = -42*u + 1190870. Is u composite?
False
Let a(w) = 9*w**3 + 3*w**2 - 7*w + 6. Suppose -z = -6*z + 5, 17 = d + 5*z. Suppose 10*l - d*l = -10. Is a(l) prime?
True
Let a(h) = 229*h - 139. Suppose -24*k - 8*k = -640. Is a(k) prime?
True
Suppose -50 = 5*x - 50. Is (33/(-66))/((-3)/64626 + x) a prime number?
True
Suppose -24*z + 7*z + 18479 = 0. Is ((3 - 9) + 7)*z composite?
False
Let t be ((-308)/35)/11*(-915)/2. Suppose h + 3 - 5 = 0, -t = -4*p - 5*h. Is p a composite number?
False
Let g = 13412 + 10007. Is g a prime number?
False
Let v = 10092 - 15234. Let s = -1324 - v. Let t = -2257 + s. Is t a prime number?
False
Suppose 0 = 2*t - 5*u - 126424, -35*t = -34*t - 3*u - 63215. Is t a prime number?
True
Let c = -2 + 12. Suppose -c*l = 6*l - 50192. Is l a composite number?
False
Is (15 - 10)/((-21179364)/(-3529884) + -6) a composite number?
False
Suppose -27*z + 9158845 = 22*z - 4712026. Is z composite?
False
Suppose -4*u - 2*j + 464 = -j, -2*j = 0. Suppose 0 = -z - 